the units digit of s?
5
Suppose -2*i - 4 - 7 = l, 0 = -3*i - 2*l - 18. Let u(j) = -j**2 - 5*j + 2. Let y be u(i). What is the units digit of 3/(1 - y/9)?
9
Suppose -l + 21 + 31 = 0. What is the tens digit of l?
5
Suppose -21*l + 68 = -17*l. What is the tens digit of l?
1
Let t = -50 + 72. What is the tens digit of t?
2
Suppose 0 = 2*n - 4*o - 46, -n + 0 = 3*o - 8. What is the units digit of n?
7
Suppose 13*i - 340 = 8*i. What is the units digit of i?
8
Let q be 8 + -1 + -2 + 3. Let w = q + 2. Suppose -3*d + w = p, 0 = 2*p + d - 5*d. What is the units digit of p?
4
Let l = -108 + 467. What is the hundreds digit of l?
3
Let l(c) = -3*c - 14. Let f be l(-6). What is the tens digit of 10/f*(-792)/(-60)?
3
Let z(p) = -p - 1. Let u be z(1). Let c be 2 - (u + 3) - 1. Suppose 3*y - 2*r = 31, 3*y + 0*r + 2*r - 47 = c. What is the units digit of y?
3
Suppose q + q - 2 = 0. Let r = q + 4. Suppose 0 = r*s + 15, 2*h = -3*h + 3*s + 84. What is the units digit of h?
5
Suppose 9*q - 492 = -3*q. What is the tens digit of q?
4
Let t(u) = 6*u**2 - 2*u + 1. Let b be t(1). Suppose -b*n + 33 = -17. What is the tens digit of n?
1
Suppose -3*n + 18 = 3*f - 0*f, -4*n = -4. Suppose f*h - 21 = 2*i, 3*h - 2*h - 4*i = 15. What is the units digit of h?
3
Let v(q) = -q**3 + 10*q**2 + 6*q - 22. What is the units digit of v(7)?
7
Suppose 3*n = 2*p + 25, -4*n + 5*p + 58 = 13. Suppose -n*l = 4*q - 110, -2*l - 4*q + 37 = -q. What is the tens digit of l?
2
What is the tens digit of (10 + -2)/(5/10)?
1
Let v = 136 - 88. What is the tens digit of v?
4
Let k = 22 - 43. Let f be 4/14 + (-204)/k. Suppose -21 + f = -r. What is the tens digit of r?
1
Let m = -4 - -7. Suppose -m = -s - 2. What is the units digit of s?
1
Suppose -2*g + 30 = 3*g. Suppose 5*l + g = 56. What is the units digit of l?
0
Let l(w) = -w - 1. Let c be l(-7). Let g = 16 + c. Let j = g + -14. What is the units digit of j?
8
Let d = -49 - -81. What is the tens digit of d?
3
Let g(a) be the second derivative of -a**3/6 + a**2/2 - a. What is the units digit of g(-6)?
7
Let q(r) = r**3 + 2. Let w be q(0). Suppose s + 5 = w*s. What is the units digit of s?
5
Let d = -106 + 248. What is the units digit of d?
2
Let g(n) = 4*n**2 - 12*n + 9. Let m(x) = 5*x**2 - 13*x + 10. Let l(r) = -4*g(r) + 3*m(r). Let k = -12 + 19. What is the units digit of l(k)?
8
Suppose -3*i + 5*x + 880 = 0, 0 = 2*i - i - 3*x - 288. What is the hundreds digit of i?
3
Let r(u) = 10*u**2 - 4*u**2 - 1 - 7*u**2 + 0*u - 6*u. What is the units digit of r(-5)?
4
Suppose -p + 0 + 24 = 0. Suppose -3*n = 2 - 38. Let u = p - n. What is the units digit of u?
2
Let u(g) = g**2 - 4*g + 1. Let k be u(5). Let y be 15*((-10)/k - -2). Suppose -l + 6*l = y. What is the units digit of l?
1
Let r(q) = -5*q + 4. Suppose a + 1 + 5 = 0. Let y(v) = -11*v + 8. Let i(w) = a*y(w) + 13*r(w). What is the units digit of i(5)?
9
Let r(i) = 3*i - 2. Let a(x) = -x. Let n(b) = -2*a(b) - r(b). Let z be (1 - (-7)/(-2))*2. What is the units digit of n(z)?
7
Suppose 2*v - 3*v = 0. Let j = v - 1. Let c(g) = g**2. What is the units digit of c(j)?
1
Suppose 3*q - v - 6 = -3*v, 3*q - 24 = 4*v. Suppose -q*c = c - 50. What is the units digit of c?
0
Suppose 0 = 5*m - 3*m - 6. Suppose 3*t - t = 12. Suppose u + 0*r + t = 4*r, m*u - 3*r = 9. What is the units digit of u?
6
Let x = 58 + -14. Suppose 4*s + l + 0*l = x, 3*s - 10 = 5*l. Let r = 7 + s. What is the units digit of r?
7
Let a = 28 - -95. What is the hundreds digit of a?
1
Suppose -3*l = -5*o - 93, -64 = 3*l - 4*o - 157. What is the tens digit of l?
3
Suppose -2*t + 0 = -6. Let m = 0 + t. What is the units digit of m?
3
Suppose -3*h = 2*h - 45. Suppose -5*d + h = -1. What is the units digit of d?
2
Let c(l) = -42 + 4*l - 13*l + 39. What is the units digit of c(-3)?
4
Let n(z) = -z**2 - 11*z + 10. Let g be n(-12). What is the units digit of 8*(2 - (-3)/g)?
4
Let w = -71 + 257. What is the tens digit of w?
8
Let r = -13 - -13. Let c = r - -28. What is the units digit of c?
8
Suppose -4*u + 8 = p, 3*u - 5*u = 3*p - 4. Let a(x) = x + 0*x + x**u + 0*x - 1. What is the units digit of a(-2)?
1
Suppose 11 = 4*u - 9. Suppose 2*p = 5*p - u*y - 97, -66 = -2*p + 2*y. What is the tens digit of p?
3
Let j be (9/(-4))/(2/8). Let g(c) = 12. Let a(v) = -v + 1. Let l(t) = -a(t) + g(t). What is the units digit of l(j)?
2
Let x be (-2)/13 + 30/26. Suppose 0 = 3*t - x - 17. What is the units digit of t?
6
Suppose 2*q = 2*z + 24, -4*q = 3*z - 10 - 24. Suppose x = -x + q. Suppose -6*v + 2*v - 5 = s, -50 = -x*s - 5*v. What is the tens digit of s?
1
Let s = -110 + 187. What is the units digit of s?
7
Let b = -60 + 121. What is the units digit of b?
1
Let k be 4 - 6/(1 + 1). What is the units digit of ((-46)/8)/(k/(-4))?
3
Let a(f) = 3*f**3 + 3*f**2 + 5*f - 2. What is the units digit of a(3)?
1
Suppose 0 = 3*d - 36 - 105. What is the tens digit of d?
4
Suppose -36*r + 39*r = 417. What is the units digit of r?
9
Let o be 5/10 + (-42)/4. Let v = o + 15. What is the units digit of v?
5
Let b(x) = -14*x - 15. Let t(p) = -5*p - 5. Let r(o) = -6*b(o) + 17*t(o). What is the units digit of r(4)?
1
Let o(z) = 10*z**3 - 3*z**2 - z + 4. What is the units digit of o(2)?
0
Let i = -17 - -9. Let o be (-20)/i*(2 - 0). What is the units digit of (-2 - -3) + o + 1?
7
What is the units digit of (-2)/(-7) - 528/(-14)?
8
Suppose -n + 2*k = 13 + 3, -2*n = -2*k + 26. Suppose 2*x + 72 = 6*x. Let i = x + n. What is the units digit of i?
8
Suppose 4 = -4*h - 4*j - 0, 5*h = -j + 7. Suppose -4*f - b = 142, 7*f - h*b + 112 = 4*f. What is the units digit of (-20)/(-9) - (-8)/f?
2
Suppose 2*k - 6 = 0, 0 = 2*c - 6*k + k + 45. Let f = -11 - c. What is the tens digit of ((-2)/3)/(f/(-90))?
1
Suppose -9 = 2*a - 11. Let d = a + 34. What is the tens digit of d?
3
What is the units digit of (84 + -12)*((-3)/(-2) + -1)?
6
Let z(v) = v**3 + 7*v**2 - 3*v - 3. Let d be z(-6). Suppose 3*i = -i + 132. Let y = d - i. What is the units digit of y?
8
Let p = -13 - -43. Suppose -2*w = -4*w + 36. Let j = p - w. What is the units digit of j?
2
Let w(b) = b**3 - 6*b**2 - 5*b - 10. What is the units digit of w(7)?
4
Let b(y) = 6 + 7 + 0 + 16*y. Let c(z) = -11*z - 9. Let h(k) = 5*b(k) + 7*c(k). What is the units digit of h(2)?
8
Let v be (15 + -10)*(-42)/10. Let y = 41 + v. What is the units digit of y?
0
Let o = -5 + 3. What is the units digit of o/2*-13 + 3?
6
Let j(m) = m**2 + 4. Let s be j(2). Let w(f) = -f + 1. Let p be w(-2). Suppose 2*b - 3*k - p = -1, -4*k + s = 0. What is the units digit of b?
4
Suppose -5*k - 4*o + 265 + 299 = 0, -2*k - o + 228 = 0. What is the hundreds digit of k?
1
What is the tens digit of 1 - (0/1 + -28 + -2)?
3
What is the tens digit of (-1 + -1)*1*-6?
1
Suppose 3*x + 5*c = -0*c + 98, x - 5*c = 26. What is the tens digit of x?
3
Let b(k) = -2*k + 17. What is the units digit of b(-8)?
3
Let d = 55 + 32. What is the units digit of d?
7
Let n = -48 - -68. Suppose -n = -2*l + 2*w, -2*w + 16 = -2*l + 6*l. What is the units digit of l?
6
Suppose 3*v = -v + 184. What is the units digit of v?
6
Let o = -4 + 7. Suppose o*t - 20 - 23 = 2*l, -2*l + 42 = 2*t. What is the tens digit of t?
1
Let y be (3 - 3) + -3 - -4. Suppose 0 = 2*c - 37 + y. What is the tens digit of c?
1
Suppose -3*x = -144 - 54. What is the units digit of (-6)/15 + x/15?
4
Let u = 20 + -4. Let w(t) = -t**2 + 9*t + 3. Let x be w(5). Let c = x - u. What is the units digit of c?
7
Let t(b) = 22*b**2 - b + 2. What is the units digit of t(-2)?
2
Let u = -4 - 27. Let h = 79 + u. What is the units digit of h?
8
What is the units digit of 0 + 11*4/2?
2
Suppose -5*d - 62 = -q, -q + 3*q - 4*d - 106 = 0. What is the tens digit of q?
4
Let w = 8 + -4. Suppose -z - 46 = -3*u + z, -w*z + 70 = 3*u. What is the units digit of u?
8
Let p(l) = -19*l**3 - 2*l + 1. Let w be -3 + (0 - 2)*-2. Let f be p(w). Let r = -6 - f. What is the units digit of r?
4
Suppose -3*b - 3 = -2*b. Suppose -2 = -x - 4*a, 2*a = x - 2*a - 10. Let g = b + x. What is the units digit of g?
3
Suppose 0 = 3*k - 2*k + b + 21, 3*k - 3*b = -69. Let n = k + 38. What is the tens digit of n?
1
Suppose -3*y - 43 + 166 = 0. What is the units digit of y?
1
Suppose 0 = -0*m - 5*m. Suppose a - 3*a + 5*f = -20, m = a + 3*f - 10. Let u = a + -6. What is the units digit of u?
4
What 